{"id":16,"date":"2020-02-15T10:36:55","date_gmt":"2020-02-15T10:36:55","guid":{"rendered":"https:\/\/the7.io\/logistics\/?page_id=16"},"modified":"2023-07-17T14:46:54","modified_gmt":"2023-07-17T14:46:54","slug":"servicios-logisticos","status":"publish","type":"page","link":"https:\/\/transportessonialopez.com\/index.php\/servicios-logisticos\/","title":{"rendered":"Servicios Log\u00edsticos"},"content":{"rendered":"\t\t<div data-elementor-type=\"wp-page\" data-elementor-id=\"16\" class=\"elementor elementor-16\" data-elementor-post-type=\"page\">\n\t\t\t\t\t\t\t\t\t<section class=\"elementor-section elementor-top-section elementor-element elementor-element-464580a elementor-section-content-middle elementor-section-boxed elementor-section-height-default elementor-section-height-default\" data-id=\"464580a\" data-element_type=\"section\">\n\t\t\t\t\t\t<div class=\"elementor-container elementor-column-gap-wider\">\n\t\t\t\t\t<div class=\"elementor-column elementor-col-50 elementor-top-column elementor-element elementor-element-bd8a27b\" data-id=\"bd8a27b\" data-element_type=\"column\">\n\t\t\t<div class=\"elementor-widget-wrap elementor-element-populated\">\n\t\t\t\t\t\t\t\t<div class=\"elementor-element elementor-element-d709ae5 elementor-widget elementor-widget-heading\" data-id=\"d709ae5\" data-element_type=\"widget\" data-widget_type=\"heading.default\">\n\t\t\t\t<div class=\"elementor-widget-container\">\n\t\t\t<h3 class=\"elementor-heading-title elementor-size-default\">Nuestra especialidad<\/h3>\t\t<\/div>\n\t\t\t\t<\/div>\n\t\t\t\t\t<\/div>\n\t\t<\/div>\n\t\t\t\t<div class=\"elementor-column elementor-col-50 elementor-top-column elementor-element elementor-element-1c65c4e\" data-id=\"1c65c4e\" data-element_type=\"column\">\n\t\t\t<div class=\"elementor-widget-wrap elementor-element-populated\">\n\t\t\t\t\t\t\t\t<div class=\"elementor-element elementor-element-d6b97a3 elementor-widget__width-auto elementor-widget elementor-widget-heading\" data-id=\"d6b97a3\" data-element_type=\"widget\" data-widget_type=\"heading.default\">\n\t\t\t\t<div class=\"elementor-widget-container\">\n\t\t\t<h3 class=\"elementor-heading-title elementor-size-default\">Brindamos soluciones \u00f3ptimas<\/h3>\t\t<\/div>\n\t\t\t\t<\/div>\n\t\t\t\t\t<\/div>\n\t\t<\/div>\n\t\t\t\t\t\t\t<\/div>\n\t\t<\/section>\n\t\t\t\t<section class=\"elementor-section elementor-top-section elementor-element elementor-element-c294cd2 elementor-section-boxed elementor-section-height-default elementor-section-height-default\" data-id=\"c294cd2\" data-element_type=\"section\">\n\t\t\t\t\t\t<div class=\"elementor-container elementor-column-gap-default\">\n\t\t\t\t\t<div class=\"elementor-column elementor-col-100 elementor-top-column elementor-element elementor-element-638d1a5\" data-id=\"638d1a5\" data-element_type=\"column\">\n\t\t\t<div class=\"elementor-widget-wrap elementor-element-populated\">\n\t\t\t\t\t\t\t\t<div class=\"elementor-element elementor-element-bd9a90e elementor-widget elementor-widget-text-editor\" data-id=\"bd9a90e\" data-element_type=\"widget\" data-widget_type=\"text-editor.default\">\n\t\t\t\t<div class=\"elementor-widget-container\">\n\t\t\t\t\t\t\tBrindamos soluciones \u00f3ptimas para que todas sus entregas lleguen a sus destinos de una manera segura y a tiempo, contamos con un equipo profesional conocedor en los diferentes temas, cuentan con un alto grado de compromiso.\t\t\t\t\t\t<\/div>\n\t\t\t\t<\/div>\n\t\t\t\t\t<\/div>\n\t\t<\/div>\n\t\t\t\t\t\t\t<\/div>\n\t\t<\/section>\n\t\t\t\t<section class=\"elementor-section elementor-top-section elementor-element elementor-element-62466e7 elementor-section-boxed elementor-section-height-default elementor-section-height-default\" data-id=\"62466e7\" data-element_type=\"section\">\n\t\t\t\t\t\t<div class=\"elementor-container elementor-column-gap-wider\">\n\t\t\t\t\t<div class=\"elementor-column elementor-col-100 elementor-top-column elementor-element elementor-element-f0ae12a\" data-id=\"f0ae12a\" data-element_type=\"column\">\n\t\t\t<div class=\"elementor-widget-wrap elementor-element-populated\">\n\t\t\t\t\t\t\t\t<div class=\"elementor-element elementor-element-f5845f7 preserve-img-ratio-cover elementor-widget elementor-widget-the7_elements\" data-id=\"f5845f7\" data-element_type=\"widget\" data-widget_type=\"the7_elements.default\">\n\t\t\t\t<div class=\"elementor-widget-container\">\n\t\t\t<div class=\"portfolio-shortcode the7-elementor-widget the7_elements-f5845f7 mode-grid dt-css-grid-wrap classic-layout-list description-under-image meta-info-off content-bg-on resize-by-browser-width widget-with-filter loading-effect-none\" data-padding=\"60px\" data-mobile-columns-num=\"1\" data-tablet-columns-num=\"2\" data-desktop-columns-num=\"3\" data-wide-desktop-columns-num=\"3\" data-post-limit=\"-1\" data-pagination-mode=\"standard\" data-scroll-offset=\"\"><div class=\"dt-css-grid custom-pagination-handler\"><div class=\"visible wf-cell category-98\" data-post-id=\"152\" data-date=\"2020-02-18T09:37:00+00:00\" data-name=\"Transporte de mercanc\u00edas peligrosas\"><article class=\"post visible post-152 services type-services status-publish has-post-thumbnail hentry service_category-transporte\" data-name=\"Transporte de mercanc\u00edas peligrosas\" data-date=\"2020-02-18T09:37:00+00:00\">\n\n\t<div class=\"post-thumbnail-wrap\">\n\t\t<div class=\"post-thumbnail\">\n\n\t\t\t<a class=\"post-thumbnail-rollover layzr-bg img-css-resize-wrapper\" aria-label=\"Post image\" href=\"https:\/\/transportessonialopez.com\/index.php\/services\/mercancias-peligrosas\/\"><img fetchpriority=\"high\" decoding=\"async\" width=\"704\" height=\"750\" src=\"data:image\/svg+xml,%3Csvg%20xmlns%3D&#039;http%3A%2F%2Fwww.w3.org%2F2000%2Fsvg&#039;%20viewBox%3D&#039;0%200%20704%20750&#039;%2F%3E\" class=\"attachment-full size-full preload-me aspect lazy lazy-load\" alt=\"iveco transporte de mercanc\u00edas peligrosas\" sizes=\"(max-width: 704px) 100vw, 704px\" style=\"--ratio: 704 \/ 750;\" data-src=\"https:\/\/transportessonialopez.com\/wp-content\/uploads\/2023\/07\/Captura-de-pantalla-de-2023-07-14-15-51-21.png\" loading=\"eager\" data-srcset=\"https:\/\/transportessonialopez.com\/wp-content\/uploads\/2023\/07\/Captura-de-pantalla-de-2023-07-14-15-51-21.png 704w, https:\/\/transportessonialopez.com\/wp-content\/uploads\/2023\/07\/Captura-de-pantalla-de-2023-07-14-15-51-21-282x300.png 282w\" \/><span class=\"the7-hover-icon\"><i aria-hidden=\"true\" class=\"fas fa-ellipsis-h\"><\/i><\/span><\/a>\n\t\t<\/div>\n\t<\/div>\n\n\n<div class=\"post-entry-content\">\n\n\t<h3 class=\"ele-entry-title\"><a href=\"https:\/\/transportessonialopez.com\/index.php\/services\/mercancias-peligrosas\/\" rel=\"bookmark\" title=\"Transporte de mercanc\u00edas peligrosas\">Transporte de mercanc\u00edas peligrosas<\/a><\/h3><div class=\"entry-excerpt\"><p>Cumplimos con todas las normativas vigentes.<\/p>\n<\/div>\n<\/div><\/article><\/div><div class=\"visible wf-cell category-98\" data-post-id=\"146\" data-date=\"2020-02-18T09:32:38+00:00\" data-name=\"Transporte de carga fraccionada y paletizada\"><article class=\"post visible post-146 services type-services status-publish has-post-thumbnail hentry service_category-transporte\" data-name=\"Transporte de carga fraccionada y paletizada\" data-date=\"2020-02-18T09:32:38+00:00\">\n\n\t<div class=\"post-thumbnail-wrap\">\n\t\t<div class=\"post-thumbnail\">\n\n\t\t\t<a class=\"post-thumbnail-rollover layzr-bg img-css-resize-wrapper\" aria-label=\"Post image\" href=\"https:\/\/transportessonialopez.com\/index.php\/services\/carga-fraccionada\/\"><img decoding=\"async\" width=\"1500\" height=\"1000\" src=\"data:image\/svg+xml,%3Csvg%20xmlns%3D&#039;http%3A%2F%2Fwww.w3.org%2F2000%2Fsvg&#039;%20viewBox%3D&#039;0%200%201500%201000&#039;%2F%3E\" class=\"attachment-full size-full preload-me aspect lazy lazy-load\" alt=\"transporte de carga fraccionada\" sizes=\"(max-width: 1500px) 100vw, 1500px\" style=\"--ratio: 1500 \/ 1000;\" data-src=\"https:\/\/transportessonialopez.com\/wp-content\/uploads\/2020\/02\/tr004.jpg\" loading=\"eager\" data-srcset=\"https:\/\/transportessonialopez.com\/wp-content\/uploads\/2020\/02\/tr004.jpg 1500w, https:\/\/transportessonialopez.com\/wp-content\/uploads\/2020\/02\/tr004-300x200.jpg 300w, https:\/\/transportessonialopez.com\/wp-content\/uploads\/2020\/02\/tr004-1024x683.jpg 1024w, https:\/\/transportessonialopez.com\/wp-content\/uploads\/2020\/02\/tr004-768x512.jpg 768w, https:\/\/transportessonialopez.com\/wp-content\/uploads\/2020\/02\/tr004-1000x667.jpg 1000w\" \/><span class=\"the7-hover-icon\"><i aria-hidden=\"true\" class=\"fas fa-ellipsis-h\"><\/i><\/span><\/a>\n\t\t<\/div>\n\t<\/div>\n\n\n<div class=\"post-entry-content\">\n\n\t<h3 class=\"ele-entry-title\"><a href=\"https:\/\/transportessonialopez.com\/index.php\/services\/carga-fraccionada\/\" rel=\"bookmark\" title=\"Transporte de carga fraccionada y paletizada\">Transporte de carga fraccionada y paletizada<\/a><\/h3><div class=\"entry-excerpt\"><p>Disponemos de servicio de manipulaci\u00f3n y embalaje<\/p>\n<\/div>\n<\/div><\/article><\/div><div class=\"visible wf-cell category-98\" data-post-id=\"1122\" data-date=\"2020-02-05T20:33:35+00:00\" data-name=\"Transporte de mercanc\u00edas de carga completa\"><article class=\"post visible post-1122 services type-services status-publish has-post-thumbnail hentry service_category-transporte\" data-name=\"Transporte de mercanc\u00edas de carga completa\" data-date=\"2020-02-05T20:33:35+00:00\">\n\n\t<div class=\"post-thumbnail-wrap\">\n\t\t<div class=\"post-thumbnail\">\n\n\t\t\t<a class=\"post-thumbnail-rollover layzr-bg img-css-resize-wrapper\" aria-label=\"Post image\" href=\"https:\/\/transportessonialopez.com\/index.php\/services\/transporte-de-mercancias-de-carga-completa\/\"><img decoding=\"async\" width=\"2048\" height=\"1536\" src=\"data:image\/svg+xml,%3Csvg%20xmlns%3D&#039;http%3A%2F%2Fwww.w3.org%2F2000%2Fsvg&#039;%20viewBox%3D&#039;0%200%202048%201536&#039;%2F%3E\" class=\"attachment-full size-full preload-me aspect lazy lazy-load\" alt=\"transporte de carga completa tractoras man\" sizes=\"(max-width: 2048px) 100vw, 2048px\" style=\"--ratio: 2048 \/ 1536;\" data-src=\"https:\/\/transportessonialopez.com\/wp-content\/uploads\/2023\/07\/IMG_3746-1.jpeg\" loading=\"eager\" data-srcset=\"https:\/\/transportessonialopez.com\/wp-content\/uploads\/2023\/07\/IMG_3746-1.jpeg 2048w, https:\/\/transportessonialopez.com\/wp-content\/uploads\/2023\/07\/IMG_3746-1-300x225.jpeg 300w, https:\/\/transportessonialopez.com\/wp-content\/uploads\/2023\/07\/IMG_3746-1-1024x768.jpeg 1024w, https:\/\/transportessonialopez.com\/wp-content\/uploads\/2023\/07\/IMG_3746-1-768x576.jpeg 768w, https:\/\/transportessonialopez.com\/wp-content\/uploads\/2023\/07\/IMG_3746-1-1536x1152.jpeg 1536w\" \/><span class=\"the7-hover-icon\"><i aria-hidden=\"true\" class=\"fas fa-ellipsis-h\"><\/i><\/span><\/a>\n\t\t<\/div>\n\t<\/div>\n\n\n<div class=\"post-entry-content\">\n\n\t<h3 class=\"ele-entry-title\"><a href=\"https:\/\/transportessonialopez.com\/index.php\/services\/transporte-de-mercancias-de-carga-completa\/\" rel=\"bookmark\" title=\"Transporte de mercanc\u00edas de carga completa\">Transporte de mercanc\u00edas de carga completa<\/a><\/h3><div class=\"entry-excerpt\"><p>Espacio de carga exclusivamente dedicado al cliente.<\/p>\n<\/div>\n<\/div><\/article><\/div><div class=\"visible wf-cell category-98\" data-post-id=\"1128\" data-date=\"2020-01-05T20:36:59+00:00\" data-name=\"Transporte de residuos\"><article class=\"post visible post-1128 services type-services status-publish has-post-thumbnail hentry service_category-transporte\" data-name=\"Transporte de residuos\" data-date=\"2020-01-05T20:36:59+00:00\">\n\n\t<div class=\"post-thumbnail-wrap\">\n\t\t<div class=\"post-thumbnail\">\n\n\t\t\t<a class=\"post-thumbnail-rollover layzr-bg img-css-resize-wrapper\" aria-label=\"Post image\" href=\"https:\/\/transportessonialopez.com\/index.php\/services\/transporte-de-residuos\/\"><img decoding=\"async\" width=\"609\" height=\"815\" src=\"data:image\/svg+xml,%3Csvg%20xmlns%3D&#039;http%3A%2F%2Fwww.w3.org%2F2000%2Fsvg&#039;%20viewBox%3D&#039;0%200%20609%20815&#039;%2F%3E\" class=\"attachment-full size-full preload-me aspect lazy lazy-load\" alt=\"volvo transporte de residuos\" sizes=\"(max-width: 609px) 100vw, 609px\" style=\"--ratio: 609 \/ 815;\" data-src=\"https:\/\/transportessonialopez.com\/wp-content\/uploads\/2023\/07\/1648-DRW-1.jpg\" loading=\"eager\" data-srcset=\"https:\/\/transportessonialopez.com\/wp-content\/uploads\/2023\/07\/1648-DRW-1.jpg 609w, https:\/\/transportessonialopez.com\/wp-content\/uploads\/2023\/07\/1648-DRW-1-224x300.jpg 224w\" \/><span class=\"the7-hover-icon\"><i aria-hidden=\"true\" class=\"fas fa-ellipsis-h\"><\/i><\/span><\/a>\n\t\t<\/div>\n\t<\/div>\n\n\n<div class=\"post-entry-content\">\n\n\t<h3 class=\"ele-entry-title\"><a href=\"https:\/\/transportessonialopez.com\/index.php\/services\/transporte-de-residuos\/\" rel=\"bookmark\" title=\"Transporte de residuos\">Transporte de residuos<\/a><\/h3><div class=\"entry-excerpt\"><p>Conf\u00ede en nosotros para gestionar responsablemente sus residuos<\/p>\n<\/div>\n<\/div><\/article><\/div><\/div><!-- iso-container|iso-grid --><\/div>\t\t<\/div>\n\t\t\t\t<\/div>\n\t\t\t\t\t<\/div>\n\t\t<\/div>\n\t\t\t\t\t\t\t<\/div>\n\t\t<\/section>\n\t\t\t\t<section class=\"elementor-section elementor-top-section elementor-element elementor-element-30e28c2 elementor-section-stretched elementor-section-full_width elementor-section-height-default elementor-section-height-default\" data-id=\"30e28c2\" data-element_type=\"section\" data-settings=\"{&quot;stretch_section&quot;:&quot;section-stretched&quot;}\">\n\t\t\t\t\t\t<div class=\"elementor-container elementor-column-gap-no\">\n\t\t\t\t\t<div class=\"elementor-column elementor-col-100 elementor-top-column elementor-element elementor-element-41480e31\" data-id=\"41480e31\" data-element_type=\"column\">\n\t\t\t<div class=\"elementor-widget-wrap elementor-element-populated\">\n\t\t\t\t\t\t\t\t<div class=\"elementor-element elementor-element-7967fe31 elementor-widget-divider--separator-type-pattern elementor-widget-divider--view-line elementor-widget elementor-widget-divider\" data-id=\"7967fe31\" data-element_type=\"widget\" data-widget_type=\"divider.default\">\n\t\t\t\t<div class=\"elementor-widget-container\">\n\t\t\t\t\t<div class=\"elementor-divider\" style=\"--divider-pattern-url: url(&quot;data:image\/svg+xml,%3Csvg xmlns=&#039;http:\/\/www.w3.org\/2000\/svg&#039; preserveAspectRatio=&#039;none&#039; overflow=&#039;visible&#039; height=&#039;100%&#039; viewBox=&#039;0 0 20 16&#039; fill=&#039;none&#039; stroke=&#039;black&#039; stroke-width=&#039;3&#039; stroke-linecap=&#039;square&#039; stroke-miterlimit=&#039;10&#039;%3E%3Cg transform=&#039;translate(-12.000000, 0)&#039;%3E%3Cpath d=&#039;M28,0L10,18&#039;\/%3E%3Cpath d=&#039;M18,0L0,18&#039;\/%3E%3Cpath d=&#039;M48,0L30,18&#039;\/%3E%3Cpath d=&#039;M38,0L20,18&#039;\/%3E%3C\/g%3E%3C\/svg%3E&quot;);\">\n\t\t\t<span class=\"elementor-divider-separator\">\n\t\t\t\t\t\t<\/span>\n\t\t<\/div>\n\t\t\t\t<\/div>\n\t\t\t\t<\/div>\n\t\t\t\t\t<\/div>\n\t\t<\/div>\n\t\t\t\t\t\t\t<\/div>\n\t\t<\/section>\n\t\t\t\t\t\t\t<\/div>\n\t\t","protected":false},"excerpt":{"rendered":"<p>Nuestra especialidad Brindamos soluciones \u00f3ptimas Brindamos soluciones \u00f3ptimas para que todas sus entregas lleguen a sus destinos de una manera segura y a tiempo, contamos con un equipo profesional conocedor en los diferentes temas, cuentan con un alto grado de compromiso. Transporte de mercanc\u00edas peligrosas Cumplimos con todas las normativas vigentes. Transporte de cargas fraccionadas&hellip;<\/p>\n","protected":false},"author":1,"featured_media":154,"parent":0,"menu_order":40,"comment_status":"closed","ping_status":"closed","template":"","meta":{"footnotes":""},"class_list":["post-16","page","type-page","status-publish","has-post-thumbnail","hentry"],"yoast_head":"<!-- This site is optimized with the Yoast SEO plugin v21.1 - https:\/\/yoast.com\/wordpress\/plugins\/seo\/ -->\n<title>Servicios Log\u00edsticos - Transportes Sonia Lopez<\/title>\n<meta name=\"description\" content=\"Brindamos servicios log\u00edsticos \u00f3ptimos para que todas sus entregas lleguen a sus destinos de una manera segura y a tiempo.\" \/>\n<meta name=\"robots\" content=\"index, follow, max-snippet:-1, max-image-preview:large, max-video-preview:-1\" \/>\n<link rel=\"canonical\" href=\"https:\/\/transportessonialopez.com\/index.php\/servicios-logisticos\/\" \/>\n<meta property=\"og:locale\" content=\"es_ES\" \/>\n<meta property=\"og:type\" content=\"article\" \/>\n<meta property=\"og:title\" content=\"Servicios Log\u00edsticos - Transportes Sonia Lopez\" \/>\n<meta property=\"og:description\" content=\"Brindamos servicios log\u00edsticos \u00f3ptimos para que todas sus entregas lleguen a sus destinos de una manera segura y a tiempo.\" \/>\n<meta property=\"og:url\" content=\"https:\/\/transportessonialopez.com\/index.php\/servicios-logisticos\/\" \/>\n<meta property=\"og:site_name\" content=\"Transportes Sonia Lopez\" \/>\n<meta property=\"article:modified_time\" content=\"2023-07-17T14:46:54+00:00\" \/>\n<meta property=\"og:image\" content=\"https:\/\/transportessonialopez.com\/wp-content\/uploads\/2020\/02\/tr015.jpg\" \/>\n\t<meta property=\"og:image:width\" content=\"1500\" \/>\n\t<meta property=\"og:image:height\" content=\"1000\" \/>\n\t<meta property=\"og:image:type\" content=\"image\/jpeg\" \/>\n<meta name=\"twitter:card\" content=\"summary_large_image\" \/>\n<meta name=\"twitter:label1\" content=\"Tiempo de lectura\" \/>\n\t<meta name=\"twitter:data1\" content=\"2 minutos\" \/>\n<script type=\"application\/ld+json\" class=\"yoast-schema-graph\">{\"@context\":\"https:\/\/schema.org\",\"@graph\":[{\"@type\":\"WebPage\",\"@id\":\"https:\/\/transportessonialopez.com\/index.php\/servicios-logisticos\/\",\"url\":\"https:\/\/transportessonialopez.com\/index.php\/servicios-logisticos\/\",\"name\":\"Servicios Log\u00edsticos - Transportes Sonia Lopez\",\"isPartOf\":{\"@id\":\"https:\/\/transportessonialopez.com\/#website\"},\"datePublished\":\"2020-02-15T10:36:55+00:00\",\"dateModified\":\"2023-07-17T14:46:54+00:00\",\"description\":\"Brindamos servicios log\u00edsticos \u00f3ptimos para que todas sus entregas lleguen a sus destinos de una manera segura y a tiempo.\",\"breadcrumb\":{\"@id\":\"https:\/\/transportessonialopez.com\/index.php\/servicios-logisticos\/#breadcrumb\"},\"inLanguage\":\"es\",\"potentialAction\":[{\"@type\":\"ReadAction\",\"target\":[\"https:\/\/transportessonialopez.com\/index.php\/servicios-logisticos\/\"]}]},{\"@type\":\"BreadcrumbList\",\"@id\":\"https:\/\/transportessonialopez.com\/index.php\/servicios-logisticos\/#breadcrumb\",\"itemListElement\":[{\"@type\":\"ListItem\",\"position\":1,\"name\":\"Portada\",\"item\":\"https:\/\/transportessonialopez.com\/\"},{\"@type\":\"ListItem\",\"position\":2,\"name\":\"Servicios Log\u00edsticos\"}]},{\"@type\":\"WebSite\",\"@id\":\"https:\/\/transportessonialopez.com\/#website\",\"url\":\"https:\/\/transportessonialopez.com\/\",\"name\":\"Transportes Sonia Lopez\",\"description\":\"Transportamos sus mercanc&iacute;as peligrosas\",\"publisher\":{\"@id\":\"https:\/\/transportessonialopez.com\/#organization\"},\"potentialAction\":[{\"@type\":\"SearchAction\",\"target\":{\"@type\":\"EntryPoint\",\"urlTemplate\":\"https:\/\/transportessonialopez.com\/?s={search_term_string}\"},\"query-input\":\"required name=search_term_string\"}],\"inLanguage\":\"es\"},{\"@type\":\"Organization\",\"@id\":\"https:\/\/transportessonialopez.com\/#organization\",\"name\":\"Transportes Sonia Lopez\",\"url\":\"https:\/\/transportessonialopez.com\/\",\"logo\":{\"@type\":\"ImageObject\",\"inLanguage\":\"es\",\"@id\":\"https:\/\/transportessonialopez.com\/#\/schema\/logo\/image\/\",\"url\":\"https:\/\/transportessonialopez.com\/wp-content\/uploads\/2023\/06\/logo-sonia-lopez2.png\",\"contentUrl\":\"https:\/\/transportessonialopez.com\/wp-content\/uploads\/2023\/06\/logo-sonia-lopez2.png\",\"width\":1300,\"height\":1041,\"caption\":\"Transportes Sonia Lopez\"},\"image\":{\"@id\":\"https:\/\/transportessonialopez.com\/#\/schema\/logo\/image\/\"}}]}<\/script>\n<!-- \/ Yoast SEO plugin. -->","yoast_head_json":{"title":"Servicios Log\u00edsticos - Transportes Sonia Lopez","description":"Brindamos servicios log\u00edsticos \u00f3ptimos para que todas sus entregas lleguen a sus destinos de una manera segura y a tiempo.","robots":{"index":"index","follow":"follow","max-snippet":"max-snippet:-1","max-image-preview":"max-image-preview:large","max-video-preview":"max-video-preview:-1"},"canonical":"https:\/\/transportessonialopez.com\/index.php\/servicios-logisticos\/","og_locale":"es_ES","og_type":"article","og_title":"Servicios Log\u00edsticos - Transportes Sonia Lopez","og_description":"Brindamos servicios log\u00edsticos \u00f3ptimos para que todas sus entregas lleguen a sus destinos de una manera segura y a tiempo.","og_url":"https:\/\/transportessonialopez.com\/index.php\/servicios-logisticos\/","og_site_name":"Transportes Sonia Lopez","article_modified_time":"2023-07-17T14:46:54+00:00","og_image":[{"width":1500,"height":1000,"url":"https:\/\/transportessonialopez.com\/wp-content\/uploads\/2020\/02\/tr015.jpg","type":"image\/jpeg"}],"twitter_card":"summary_large_image","twitter_misc":{"Tiempo de lectura":"2 minutos"},"schema":{"@context":"https:\/\/schema.org","@graph":[{"@type":"WebPage","@id":"https:\/\/transportessonialopez.com\/index.php\/servicios-logisticos\/","url":"https:\/\/transportessonialopez.com\/index.php\/servicios-logisticos\/","name":"Servicios Log\u00edsticos - Transportes Sonia Lopez","isPartOf":{"@id":"https:\/\/transportessonialopez.com\/#website"},"datePublished":"2020-02-15T10:36:55+00:00","dateModified":"2023-07-17T14:46:54+00:00","description":"Brindamos servicios log\u00edsticos \u00f3ptimos para que todas sus entregas lleguen a sus destinos de una manera segura y a tiempo.","breadcrumb":{"@id":"https:\/\/transportessonialopez.com\/index.php\/servicios-logisticos\/#breadcrumb"},"inLanguage":"es","potentialAction":[{"@type":"ReadAction","target":["https:\/\/transportessonialopez.com\/index.php\/servicios-logisticos\/"]}]},{"@type":"BreadcrumbList","@id":"https:\/\/transportessonialopez.com\/index.php\/servicios-logisticos\/#breadcrumb","itemListElement":[{"@type":"ListItem","position":1,"name":"Portada","item":"https:\/\/transportessonialopez.com\/"},{"@type":"ListItem","position":2,"name":"Servicios Log\u00edsticos"}]},{"@type":"WebSite","@id":"https:\/\/transportessonialopez.com\/#website","url":"https:\/\/transportessonialopez.com\/","name":"Transportes Sonia Lopez","description":"Transportamos sus mercanc&iacute;as peligrosas","publisher":{"@id":"https:\/\/transportessonialopez.com\/#organization"},"potentialAction":[{"@type":"SearchAction","target":{"@type":"EntryPoint","urlTemplate":"https:\/\/transportessonialopez.com\/?s={search_term_string}"},"query-input":"required name=search_term_string"}],"inLanguage":"es"},{"@type":"Organization","@id":"https:\/\/transportessonialopez.com\/#organization","name":"Transportes Sonia Lopez","url":"https:\/\/transportessonialopez.com\/","logo":{"@type":"ImageObject","inLanguage":"es","@id":"https:\/\/transportessonialopez.com\/#\/schema\/logo\/image\/","url":"https:\/\/transportessonialopez.com\/wp-content\/uploads\/2023\/06\/logo-sonia-lopez2.png","contentUrl":"https:\/\/transportessonialopez.com\/wp-content\/uploads\/2023\/06\/logo-sonia-lopez2.png","width":1300,"height":1041,"caption":"Transportes Sonia Lopez"},"image":{"@id":"https:\/\/transportessonialopez.com\/#\/schema\/logo\/image\/"}}]}},"_links":{"self":[{"href":"https:\/\/transportessonialopez.com\/index.php\/wp-json\/wp\/v2\/pages\/16","targetHints":{"allow":["GET"]}}],"collection":[{"href":"https:\/\/transportessonialopez.com\/index.php\/wp-json\/wp\/v2\/pages"}],"about":[{"href":"https:\/\/transportessonialopez.com\/index.php\/wp-json\/wp\/v2\/types\/page"}],"author":[{"embeddable":true,"href":"https:\/\/transportessonialopez.com\/index.php\/wp-json\/wp\/v2\/users\/1"}],"replies":[{"embeddable":true,"href":"https:\/\/transportessonialopez.com\/index.php\/wp-json\/wp\/v2\/comments?post=16"}],"version-history":[{"count":5,"href":"https:\/\/transportessonialopez.com\/index.php\/wp-json\/wp\/v2\/pages\/16\/revisions"}],"predecessor-version":[{"id":10100,"href":"https:\/\/transportessonialopez.com\/index.php\/wp-json\/wp\/v2\/pages\/16\/revisions\/10100"}],"wp:featuredmedia":[{"embeddable":true,"href":"https:\/\/transportessonialopez.com\/index.php\/wp-json\/wp\/v2\/media\/154"}],"wp:attachment":[{"href":"https:\/\/transportessonialopez.com\/index.php\/wp-json\/wp\/v2\/media?parent=16"}],"curies":[{"name":"wp","href":"https:\/\/api.w.org\/{rel}","templated":true}]}}